{"id":31968,"date":"2025-10-16T19:30:37","date_gmt":"2025-10-16T19:30:37","guid":{"rendered":"https:\/\/www.greenrio.com.br\/?page_id=31968"},"modified":"2025-11-05T14:26:24","modified_gmt":"2025-11-05T14:26:24","slug":"credenciamento-seminario-cenarios-da-bioeconomia","status":"publish","type":"page","link":"https:\/\/www.greenrio.com.br\/index.php\/credenciamento-seminario-cenarios-da-bioeconomia\/","title":{"rendered":"Credenciamento Semin\u00e1rio Cen\u00e1rios da Bioeconomia em Tempos de COP30"},"content":{"rendered":"<p>[et_pb_section fb_built=&#8221;1&#8243; _builder_version=&#8221;4.16&#8243; _module_preset=&#8221;default&#8221; locked=&#8221;off&#8221; global_colors_info=&#8221;{}&#8221;][et_pb_row _builder_version=&#8221;4.27.0&#8243; _module_preset=&#8221;default&#8221; global_colors_info=&#8221;{}&#8221;][et_pb_column type=&#8221;4_4&#8243; _builder_version=&#8221;4.27.0&#8243; _module_preset=&#8221;default&#8221; global_colors_info=&#8221;{}&#8221;][et_pb_image src=&#8221;https:\/\/www.greenrio.com.br\/wp-content\/uploads\/Seminario-FDC-Logos-1.jpg&#8221; title_text=&#8221;Seminario-FDC-Logos-1&#8243; align=&#8221;center&#8221; _builder_version=&#8221;4.27.0&#8243; _module_preset=&#8221;default&#8221; global_colors_info=&#8221;{}&#8221;][\/et_pb_image][et_pb_image src=&#8221;https:\/\/www.greenrio.com.br\/wp-content\/uploads\/Titulo-glogoT-FDC-2.png&#8221; title_text=&#8221;Titulo-glogoT-FDC-2&#8243; align=&#8221;center&#8221; _builder_version=&#8221;4.27.0&#8243; _module_preset=&#8221;default&#8221; custom_margin=&#8221;||-4px||false|false&#8221; global_colors_info=&#8221;{}&#8221;][\/et_pb_image][et_pb_text _builder_version=&#8221;4.27.0&#8243; _module_preset=&#8221;default&#8221; text_font=&#8221;Arial|700|||||||&#8221; text_text_color=&#8221;#fffbd6&#8243; text_font_size=&#8221;33px&#8221; text_line_height=&#8221;1.2em&#8221; background_color=&#8221;#4158a5&#8243; text_orientation=&#8221;center&#8221; global_colors_info=&#8221;{}&#8221;]<\/p>\n<p><img loading=\"lazy\" decoding=\"async\" src=\"https:\/\/www.greenrio.com.br\/wp-content\/uploads\/Titulo-ImagFDC.png\" width=\"623\" height=\"87\" alt=\"\" class=\"wp-image-31790 aligncenter size-full\" srcset=\"https:\/\/www.greenrio.com.br\/wp-content\/uploads\/Titulo-ImagFDC.png 623w, https:\/\/www.greenrio.com.br\/wp-content\/uploads\/Titulo-ImagFDC-480x67.png 480w\" sizes=\"auto, (min-width: 0px) and (max-width: 480px) 480px, (min-width: 481px) 623px, 100vw\" \/><\/p>\n<p>[\/et_pb_text][\/et_pb_column][\/et_pb_row][et_pb_row column_structure=&#8221;1_2,1_2&#8243; _builder_version=&#8221;4.27.0&#8243; _module_preset=&#8221;default&#8221; custom_margin=&#8221;-5px||||false|false&#8221; custom_padding=&#8221;0px||||false|false&#8221; global_colors_info=&#8221;{}&#8221;][et_pb_column type=&#8221;1_2&#8243; _builder_version=&#8221;4.27.0&#8243; _module_preset=&#8221;default&#8221; global_colors_info=&#8221;{}&#8221;][et_pb_text admin_label=&#8221;Texto&#8221; _builder_version=&#8221;4.27.0&#8243; text_text_color=&#8221;#000000&#8243; text_font_size=&#8221;12&#8243; background_size=&#8221;initial&#8221; background_position=&#8221;top_left&#8221; background_repeat=&#8221;repeat&#8221; text_orientation=&#8221;center&#8221; module_alignment=&#8221;center&#8221; custom_margin=&#8221;9px||||false|false&#8221; custom_padding=&#8221;||0px|14px|false|false&#8221; use_border_color=&#8221;off&#8221; border_color=&#8221;#ffffff&#8221; border_style=&#8221;solid&#8221; locked=&#8221;off&#8221; global_colors_info=&#8221;{}&#8221;]<\/p>\n<p style=\"text-align: center;\"><strong><span style=\"font-family: Arial, Helvetica, sans-serif; font-size: 24pt;\">22 de outubro<br \/><\/span><\/strong><strong><span style=\"font-family: Arial, Helvetica, sans-serif; font-size: 18pt;\">de 2025 &#8211; 4\u00aa feira<br \/><\/span><\/strong><strong><span style=\"font-family: Arial, Helvetica, sans-serif; font-size: 18pt;\">9h00 \u00e0s 12h00<\/span><\/strong><\/p>\n<p>[\/et_pb_text][\/et_pb_column][et_pb_column type=&#8221;1_2&#8243; _builder_version=&#8221;4.27.0&#8243; _module_preset=&#8221;default&#8221; global_colors_info=&#8221;{}&#8221;][et_pb_text admin_label=&#8221;Texto&#8221; _builder_version=&#8221;4.27.0&#8243; text_text_color=&#8221;#3e4095&#8243; text_font_size=&#8221;12&#8243; background_size=&#8221;initial&#8221; background_position=&#8221;top_left&#8221; background_repeat=&#8221;repeat&#8221; text_orientation=&#8221;center&#8221; module_alignment=&#8221;center&#8221; custom_margin=&#8221;9px||||false|false&#8221; custom_padding=&#8221;||0px|14px|false|false&#8221; use_border_color=&#8221;off&#8221; border_color=&#8221;#ffffff&#8221; border_style=&#8221;solid&#8221; locked=&#8221;off&#8221; global_colors_info=&#8221;{}&#8221;]<\/p>\n<p style=\"text-align: center;\"><strong><span style=\"font-family: Arial, Helvetica, sans-serif; font-size: 24pt;\">S\u00c3O PAULO &#8211; SP<br \/><\/span><\/strong><strong><span style=\"font-family: Arial, Helvetica, sans-serif; font-size: 18pt;\"><span class=\"cf0\">Local: Campus S\u00e3o Paulo da Funda\u00e7\u00e3o Dom Cabral, Rua Gomes de Carvalho, 1609, Vila Ol\u00edmpia<\/span><\/span><\/strong><\/p>\n<p>[\/et_pb_text][\/et_pb_column][\/et_pb_row][et_pb_row _builder_version=&#8221;4.27.0&#8243; _module_preset=&#8221;default&#8221; global_colors_info=&#8221;{}&#8221;][et_pb_column type=&#8221;4_4&#8243; _builder_version=&#8221;4.27.0&#8243; _module_preset=&#8221;default&#8221; global_colors_info=&#8221;{}&#8221;][et_pb_text _builder_version=&#8221;4.27.0&#8243; _module_preset=&#8221;default&#8221; text_font=&#8221;Arial|600|||||||&#8221; text_text_color=&#8221;#000000&#8243; text_font_size=&#8221;17px&#8221; custom_padding=&#8221;|||25px|false|false&#8221; global_colors_info=&#8221;{}&#8221;]<\/p>\n<p>Os cen\u00e1rios da bioeconomia abordam diferentes trajet\u00f3rias e contextos, e seus impactos s\u00e3o transformadores na economia, no clima e na sociedade.<\/p>\n<p>Os palestrantes convidados para este semin\u00e1rio abordar\u00e3o diferentes cen\u00e1rios da bioeconomia, tema cada vez mais presente e estrat\u00e9gico globalmente.<\/p>\n<p>O semin\u00e1rio ter\u00e1 dois momentos:<br \/>a) bioeconomia e pol\u00edticas p\u00fablicas<br \/>b) bioeconomia, ind\u00fastrias e temas pontuais<\/p>\n<p>Este semin\u00e1rio \u00e9 uma iniciativa promovida pela parceria entre Funda\u00e7\u00e3o Dom Cabral e Green Rio, e ser\u00e1 um prazer contar com sua presen\u00e7a!<\/p>\n<p>[\/et_pb_text][\/et_pb_column][\/et_pb_row][et_pb_row admin_label=&#8221;row&#8221; _builder_version=&#8221;4.27.0&#8243; background_size=&#8221;initial&#8221; background_position=&#8221;top_left&#8221; background_repeat=&#8221;repeat&#8221; custom_padding=&#8221;0px||||false|false&#8221; locked=&#8221;off&#8221; global_colors_info=&#8221;{}&#8221;][et_pb_column type=&#8221;4_4&#8243; _builder_version=&#8221;4.16&#8243; custom_padding=&#8221;|||&#8221; global_colors_info=&#8221;{}&#8221; custom_padding__hover=&#8221;|||&#8221;][et_pb_text _builder_version=&#8221;4.27.0&#8243; _module_preset=&#8221;default&#8221; text_font=&#8221;Arial|600|||||||&#8221; text_font_size=&#8221;24px&#8221; global_colors_info=&#8221;{}&#8221;]<\/p>\n<table border=\"0\" style=\"width: 100%; border-collapse: collapse; background-color: #4158a5; height: 10px;\">\n<tbody>\n<tr style=\"height: 10px;\">\n<td style=\"width: 881.6px; height: 14px;\"><span style=\"color: #ffff99;\">PALESTRANTES CONFIRMADOS:<\/span><\/td>\n<\/tr>\n<\/tbody>\n<\/table>\n<p>[\/et_pb_text][et_pb_text _builder_version=&#8221;4.27.0&#8243; _module_preset=&#8221;default&#8221; text_font=&#8221;Arial||||||||&#8221; text_text_color=&#8221;#000000&#8243; text_font_size=&#8221;17px&#8221; global_colors_info=&#8221;{}&#8221;]<\/p>\n<table style=\"width: 100%; border-collapse: collapse; height: 204px;\">\n<tbody>\n<tr style=\"height: 24px;\">\n<td style=\"width: 100%; height: 24px;\"><strong>9hs \u00e0s 9h15 &#8211; Caf\u00e9 e boas vindas<br \/><\/strong><\/td>\n<\/tr>\n<tr style=\"height: 24px; background-color: #fffbd6;\">\n<td style=\"width: 100%; height: 24px;\"><strong>9h30 \u00e0s 9h40 &#8211; Abertura<\/strong><\/td>\n<\/tr>\n<tr style=\"height: 12px;\">\n<td style=\"width: 100%; height: 12px;\"><strong>9h40 \u00e0s 11h15 &#8211; Debate<\/strong><\/td>\n<\/tr>\n<tr style=\"background-color: #fffbd6;\">\n<td style=\"width: 100%; height: 24px;\"><strong>\u00a0 \u00a0 Paul Dale<\/strong> &#8211; Assessor t\u00e9cnico da Subsecretaria de Meio Ambiente da Secretaria de Meio Ambiente, Infraestrutura e Log\u00edstica do Estado de S\u00e3o Paulo<\/td>\n<\/tr>\n<tr style=\"height: 24px;\">\n<td style=\"width: 100%; height: 24px;\"><strong>\u00a0 \u00a0 Angela Gandra Martins<\/strong> &#8211; Secret\u00e1ria de Rela\u00e7\u00f5es Internacionais da Prefeitura de S\u00e3o Paulo<\/td>\n<\/tr>\n<tr style=\"height: 24px; background-color: #fffbd6;\">\n<td style=\"width: 100%; height: 24px;\"><strong>\u00a0 \u00a0 Thiago Falda<\/strong> &#8211; Presidente da Associa\u00e7\u00e3o Brasileira de Bioinova\u00e7\u00e3o (ABBI)<\/td>\n<\/tr>\n<tr style=\"height: 24px;\">\n<td style=\"width: 100%; height: 24px;\"><strong>\u00a0 \u00a0 F\u00e1bio Marques<\/strong> &#8211; Funda\u00e7\u00e3o Dom Cabral \/ Especialista em Economia de Baixo Carbono<\/td>\n<\/tr>\n<tr style=\"height: 24px; background-color: #fffbd6;\">\n<td style=\"width: 100%; height: 24px;\"><strong>\u00a0 \u00a0 Prof. Ant\u00f4nio Saraiva<\/strong> &#8211; Professor Titular S\u00eanior no Instituto de Estudos Avan\u00e7ados da USP<\/td>\n<\/tr>\n<tr>\n<td style=\"width: 100%;\"><strong>\u00a0 \u00a0 Sarita Severien <\/strong>&#8211; Gerente de Mudan\u00e7as Clim\u00e1ticas \/ Suzano<\/td>\n<\/tr>\n<tr style=\"height: 24px;\">\n<td style=\"width: 100%; height: 24px;\"><strong>11h15 \u00e0s 11h45 &#8211; Perguntas<\/strong><\/td>\n<\/tr>\n<\/tbody>\n<\/table>\n<p>&nbsp;<\/p>\n<h6 style=\"text-align: left;\"><em>\u00a0 \u00a0 \u00a0 \u00a0 \u00a0 \u00a0 Obs. Programa\u00e7\u00e3o sujeita a altera\u00e7\u00f5es<\/em><\/h6>\n<p>[\/et_pb_text][et_pb_text _builder_version=&#8221;4.27.0&#8243; _module_preset=&#8221;default&#8221; text_font=&#8221;Arial|600|||||||&#8221; text_font_size=&#8221;17px&#8221; global_colors_info=&#8221;{}&#8221;]<\/p>\n<table border=\"0\" style=\"width: 100%; border-collapse: collapse; background-color: #4158a5; height: 10px;\">\n<tbody>\n<tr style=\"height: 17px; background-color: #fff212;\">\n<td style=\"width: 881.6px; height: 17px;\"><span style=\"color: #000000;\">Os lugares s\u00e3o limitados, portanto pedimos a gentileza de preencher o cadastro abaixo.\u00a0<\/span><\/td>\n<\/tr>\n<\/tbody>\n<\/table>\n<p>[\/et_pb_text][\/et_pb_column][\/et_pb_row][et_pb_row _builder_version=&#8221;4.27.0&#8243; _module_preset=&#8221;default&#8221; custom_margin=&#8221;-15px||-15px||true|false&#8221; global_colors_info=&#8221;{}&#8221;][et_pb_column type=&#8221;4_4&#8243; _builder_version=&#8221;4.27.0&#8243; _module_preset=&#8221;default&#8221; global_colors_info=&#8221;{}&#8221;][et_pb_divider _builder_version=&#8221;4.27.0&#8243; _module_preset=&#8221;default&#8221; global_colors_info=&#8221;{}&#8221;][\/et_pb_divider][\/et_pb_column][\/et_pb_row][\/et_pb_section][et_pb_section fb_built=&#8221;1&#8243; admin_label=&#8221;Speakers&#8221; _builder_version=&#8221;4.16&#8243; background_enable_color=&#8221;off&#8221; background_enable_image=&#8221;off&#8221; background_size=&#8221;initial&#8221; background_position=&#8221;top_left&#8221; custom_margin=&#8221;-2px|||||&#8221; custom_padding=&#8221;|||&#8221; global_colors_info=&#8221;{}&#8221;][et_pb_row _builder_version=&#8221;4.16&#8243; _module_preset=&#8221;default&#8221; global_colors_info=&#8221;{}&#8221;][et_pb_column type=&#8221;4_4&#8243; _builder_version=&#8221;4.16&#8243; _module_preset=&#8221;default&#8221; global_colors_info=&#8221;{}&#8221;][et_pb_divider _builder_version=&#8221;4.16&#8243; _module_preset=&#8221;default&#8221; global_colors_info=&#8221;{}&#8221;][\/et_pb_divider][\/et_pb_column][\/et_pb_row][\/et_pb_section][et_pb_section fb_built=&#8221;1&#8243; admin_label=&#8221;Sponsor&#8221; _builder_version=&#8221;4.16&#8243; global_colors_info=&#8221;{}&#8221;][et_pb_row _builder_version=&#8221;4.16&#8243; global_colors_info=&#8221;{}&#8221;][et_pb_column type=&#8221;4_4&#8243; _builder_version=&#8221;4.16&#8243; custom_padding=&#8221;|||&#8221; global_colors_info=&#8221;{}&#8221; custom_padding__hover=&#8221;|||&#8221;][et_pb_image src=&#8221;https:\/\/www.greenrio.com.br\/wp-content\/uploads\/branco.png&#8221; align=&#8221;center&#8221; _builder_version=&#8221;4.5.2&#8243; vertical_offset_tablet=&#8221;0&#8243; horizontal_offset_tablet=&#8221;0&#8243; width=&#8221;100%&#8221; z_index_tablet=&#8221;0&#8243; box_shadow_horizontal_tablet=&#8221;0px&#8221; box_shadow_vertical_tablet=&#8221;0px&#8221; box_shadow_blur_tablet=&#8221;40px&#8221; box_shadow_spread_tablet=&#8221;0px&#8221; global_module=&#8221;14263&#8243; global_colors_info=&#8221;{}&#8221;][\/et_pb_image][\/et_pb_column][\/et_pb_row][\/et_pb_section]<\/p>\n","protected":false},"excerpt":{"rendered":"<p>22 de outubrode 2025 &#8211; 4\u00aa feira9h00 \u00e0s 12h00S\u00c3O PAULO &#8211; SPLocal: Campus S\u00e3o Paulo da Funda\u00e7\u00e3o Dom Cabral, Rua Gomes de Carvalho, 1609, Vila Ol\u00edmpiaOs cen\u00e1rios da bioeconomia abordam diferentes trajet\u00f3rias e contextos, e seus impactos s\u00e3o transformadores na economia, no clima e na sociedade. Os palestrantes convidados para este semin\u00e1rio abordar\u00e3o diferentes cen\u00e1rios [&hellip;]<\/p>\n","protected":false},"author":1,"featured_media":0,"parent":0,"menu_order":0,"comment_status":"closed","ping_status":"closed","template":"","meta":{"_et_pb_use_builder":"on","_et_pb_old_content":"","_et_gb_content_width":"","footnotes":""},"class_list":["post-31968","page","type-page","status-publish","hentry"],"_links":{"self":[{"href":"https:\/\/www.greenrio.com.br\/index.php\/wp-json\/wp\/v2\/pages\/31968","targetHints":{"allow":["GET"]}}],"collection":[{"href":"https:\/\/www.greenrio.com.br\/index.php\/wp-json\/wp\/v2\/pages"}],"about":[{"href":"https:\/\/www.greenrio.com.br\/index.php\/wp-json\/wp\/v2\/types\/page"}],"author":[{"embeddable":true,"href":"https:\/\/www.greenrio.com.br\/index.php\/wp-json\/wp\/v2\/users\/1"}],"replies":[{"embeddable":true,"href":"https:\/\/www.greenrio.com.br\/index.php\/wp-json\/wp\/v2\/comments?post=31968"}],"version-history":[{"count":11,"href":"https:\/\/www.greenrio.com.br\/index.php\/wp-json\/wp\/v2\/pages\/31968\/revisions"}],"predecessor-version":[{"id":32021,"href":"https:\/\/www.greenrio.com.br\/index.php\/wp-json\/wp\/v2\/pages\/31968\/revisions\/32021"}],"wp:attachment":[{"href":"https:\/\/www.greenrio.com.br\/index.php\/wp-json\/wp\/v2\/media?parent=31968"}],"curies":[{"name":"wp","href":"https:\/\/api.w.org\/{rel}","templated":true}]}}